11
Let d(g) = -13*g - 33. Let c be d(-21). Calculate the greatest common divisor of c and 640.
80
Suppose -o = 4*f - 5*o - 64, 5*o = 4*f - 68. Let k = 12 - f. Suppose k = -2*r - 0*r + 140. Calculate the highest common divisor of 10 and r.
10
Let i(l) = -l**2 - 28*l - 34. Let y be i(-23). Suppose -4*p - 44 = -8*p - 4*h, 15 = p + 3*h. Calculate the greatest common factor of y and p.
9
Suppose 64*w - 32*w = 736. What is the greatest common factor of 115 and w?
23
Let z be (-10)/(-15)*(7 - 1). Let c be (21/(-12))/(z/(-16)). Let k be -4*(882/(-8))/c. What is the greatest common factor of 9 and k?
9
Let o = 28 - 31. Let c be o/((-42)/(-9) - 5). Calculate the highest common divisor of 72 and c.
9
Let r(m) = 6*m**2 - 2*m - 3. Let z be r(-2). Suppose -2*g - 16 + 3 = v, 0 = 4*g - 4. Let b = 25 + v. Calculate the highest common factor of z and b.
5
Suppose 4*t = 3*q + q + 76, 2*t - q - 35 = 0. Let y be t/((-8)/(-2)) - 7. Let a be y*(2 - 96/9). Calculate the greatest common factor of a and 13.
13
Suppose 5*m = 2*q - 51, 4*q = -4*m + 38 - 6. Calculate the highest common divisor of 39 and q.
13
Let g be 4/(-5)*(-135)/2. Let h(b) be the first derivative of 5*b**3/3 - b**2/2 + 2*b + 10. Let j be h(1). Calculate the highest common divisor of j and g.
6
Suppose 16 = -n + 2*a - 4, 3*n + 3*a + 15 = 0. Let s be ((-216)/(-20))/((-2)/n). What is the greatest common factor of 81 and s?
27
Suppose 0 = 2*w - 5*j - 6, w = -5*j + j - 10. Let k = 9 - w. Let u = 23 - k. What is the greatest common divisor of u and 30?
6
Let p be ((-8)/10)/(18/(-5940)). Let y = p - 143. What is the greatest common factor of y and 11?
11
Let q = 53 - 16. Let s = -32 + q. Calculate the highest common divisor of s and 1.
1
Let n be 6*(-3)/(-2) + -3. Suppose -2*p + 26 = -n. Let v = 23 - -25. What is the highest common divisor of p and v?
16
Let y be (-310)/(-4)*(-4)/50*-140. Calculate the highest common factor of y and 84.
28
Let v be 300/16*16/6. Let k = 126 - v. Calculate the greatest common divisor of k and 4.
4
Let y(q) = -17*q - 20. Let f be y(-3). Suppose -7*m + f = -4. Calculate the greatest common divisor of 15 and m.
5
Let s = -3 - -8. Suppose s*q = 4*q + 13. What is the greatest common factor of 117 and q?
13
Let m be 10/3*(-48)/20*-28. Calculate the greatest common divisor of 7 and m.
7
Suppose -3*x + 28 = 2*j, -4*x - 4*j + 38 = -2. Suppose -p = -8 - x. What is the highest common divisor of 40 and p?
8
Let f = -133 - -163. Let z(c) = -c**2 - 4*c - 4. Let y be z(-4). Let p be (-79)/y - (-1)/4. What is the highest common divisor of f and p?
10
Suppose v = 71 - 70, -5*v + 775 = 5*b. Calculate the greatest common divisor of b and 182.
14
Let z(i) = -i**2 - 10*i - 3. Let g be z(-4). Let l = 17 - g. Let c be (792/(-27))/(l/6). What is the highest common divisor of 4 and c?
4
Suppose 17*s - 15*s - 48 = 0. Calculate the greatest common factor of s and 496.
8
Let f(m) = -m - 3. Let h be f(-12). Let u(t) = -t**2 + 8*t + 10. Let j be u(h). Let i be ((-8)/16)/(j/(-4)). What is the highest common factor of i and 12?
2
Let s(b) be the third derivative of 0*b**3 + 0 + 2*b**2 - 1/8*b**4 + 0*b. Let y be s(-1). What is the highest common factor of 27 and y?
3
Suppose -3*z + 3 = -3. Let x(u) = 3*u**2 + 3*u - 3. Let p be x(z). Let k(q) = -10*q + 30. Let l be k(-9). Calculate the greatest common divisor of p and l.
15
Let j be 2 - 1 - (-2 - 79). Suppose c - j = -c. Suppose 0 = 5*u - 25, -5*s + 3*s + c = 5*u. What is the greatest common divisor of s and 4?
4
Let t(v) = 17*v**3 - 4*v**2 - v + 7. Let z be t(3). Suppose 0*r - 281 = -2*r - 5*x, -3*r - 2*x = -z. What is the greatest common divisor of r and 13?
13
Let s(u) = 2*u**2 + 9*u - 74. Let p be s(5). Let q = 116 - 11. What is the greatest common divisor of q and p?
21
Let f be (-52822)/(-588) + 5/(-6). Calculate the greatest common divisor of f and 5696.
89
Let d(l) = l**3 + 10*l**2 + 10*l + 7. Let p be d(-7). Let c = -52 + p. Calculate the greatest common factor of c and 224.
32
Let r = 369 + -83. Suppose a = -2*b + 208 + r, 4*b + 4*a = 996. Suppose -38 = -3*p + 3*k + 142, 5*k + b = 4*p. Calculate the highest common divisor of 22 and p.
11
Let i = 15 + -7. Let k(n) = -n**2 + 11*n - 2. Let m be k(i). What is the greatest common factor of 88 and m?
22
Suppose -18*z + 4050 = -0*z. Calculate the highest common divisor of z and 5.
5
Suppose -a - 4 = -5*m - 2, 3*m = -5*a + 102. Calculate the highest common factor of 90 and a.
18
Let q(t) = -80*t**2 - t**3 + 1 + 94*t**2 + 3. Let c be q(14). What is the highest common divisor of c and 68?
4
Let c be 183498/765 - 2/(-15). Calculate the greatest common divisor of 330 and c.
30
Let j = -2046 + 2114. Calculate the highest common divisor of j and 374.
34
Suppose o + 20 = -o. Let v be -2 + o/5 - -12. Calculate the highest common factor of 12 and v.
4
Let k be (-6)/(-32 + -4) + 34/12. Suppose 67 = k*u - 4*n, -3*u - 5*n + 47 = -4*n. Suppose -187 = -0*a - a. What is the greatest common divisor of a and u?
17
Let g = -376 + 389. What is the highest common factor of 988 and g?
13
Suppose 31*c - 12*c = 418. Let w(k) = -2*k**3 - 9*k**2 + 10*k + 1. Let a be w(-7). Calculate the highest common factor of a and c.
22
Let q(s) = 32*s**3 + 3*s - 2. Let l be q(1). Suppose -44*x = -l*x - 418. What is the highest common divisor of x and 304?
38
Let x(q) = -q**3 + 5*q**2 + 13*q - 18. Let g be x(6). Calculate the highest common divisor of g and 204.
12
Let d be 4 - (-1 + 1 + 3). Let b(l) = 12*l + 2. Let c be b(d). Let q be ((-2)/3)/((-2)/42). Calculate the greatest common divisor of c and q.
14
Suppose 0 = -3*k + 6, -4*k = -4*l - k + 258. Suppose 5*i = m - 124, -4*m + 5*i + 28 + 438 = 0. Let r = m - l. What is the highest common factor of r and 6?
6
Let s = -4 - 5. Let d = s + 17. Let m = d + 26. What is the greatest common factor of 17 and m?
17
Let q be 197 + (-5 - 15/(-5)). Calculate the greatest common factor of q and 65.
65
Suppose 7*d - 2*d = 195. Suppose -38*c = -34*c - 1716. What is the greatest common divisor of d and c?
39
Suppose 4*j - 5*j + 3 = 0. Let t be 1/(((-6)/4)/(225/(-30))). What is the greatest common factor of j and t?
1
Suppose 23614 = 39*y - 12656. What is the highest common factor of y and 62?
62
Let w = -2512 + 2524. What is the highest common factor of 588 and w?
12
Let n be 1*(9/3 + 22). Let d be (-4)/20 - (-2205)/n. Calculate the greatest common factor of d and 11.
11
Let i be (-9)/(36/(-16))*-1. Let d be ((-15)/i)/(48/2176). What is the greatest common divisor of 17 and d?
17
Let o = -4454 - -4470. Let t(n) = -128*n**3 + n**2 + n. Let x be t(-1). What is the greatest common divisor of x and o?
16
Suppose 69*r - 24*r = 2340. Calculate the highest common divisor of 143 and r.
13
Let k = 22347 + -22333. Suppose -b = b - j - 8, -3*b + 4*j = -12. What is the greatest common factor of k and b?
2
Suppose -4*d = -2*d - 8. Let j be (-5)/((-15)/108) + d. Calculate the highest common divisor of 40 and j.
40
Suppose -12 = -4*a - 5*z, 0 = -3*a + 2*z + z + 9. Suppose -a - 5 = -s. Let t = -5 + 17. Calculate the greatest common factor of s and t.
4
Let w(d) = 10*d + 26. Let v be w(3). Let o be (-3 + (-85)/(-25))*70. Calculate the highest common factor of o and v.
28
Let v(h) = -h**3 - h**2 - 4. Let o be (-6)/(-18)*(0 - 0). Let b be v(o). Let a = -2 - b. Calculate the highest common divisor of 4 and a.
2
Suppose -4*k = -98 + 50. Suppose 3*r = 4*z + 32, -r + 16 = -2*r - 4*z. Calculate the greatest common factor of k and r.
4
Let i = 78 + -57. Let u(j) = -j**2 - 8*j - 7. Let g be u(-5). Let y be 12/(-16) - (-510)/g. Calculate the highest common factor of y and i.
21
Suppose k - 1300 = -i, -37*k = -8*i - 41*k + 10380. Calculate the highest common factor of 35 and i.
35
Let n be (42/56)/(-4*(-3)/192). What is the highest common divisor of 33 and n?
3
Let b(a) = -18*a + 2. Suppose -p - m + 1 = 0, p + 0*m - 4*m + 9 = 0. Let i be b(p). What is the greatest common factor of i and 30?
10
Let w be (-2)/25 + (-38528)/(-1600). Let x be (-1)/(-3) - 46/(-6). What is the greatest common divisor of x and w?
8
Let d be (-135)/2*(-12)/9. Let c = 155 - d. Suppose -772 = 3*y - 811. What is the greatest common factor of y and c?
13
Let i = 24 + -1. Let l = 56 - i. Let g = l - 18. Calculate the greatest common divisor of 165 and g.
15
Sup